*r + 8. List the prime factors of g(r).
13
Suppose -b - 9 = -4*b. Suppose -2*i + 11 = b. What are the prime factors of i?
2
Let v(g) = g + 41. Let o(f) = 2*f**2 + 2*f. Let j be o(0). List the prime factors of v(j).
41
Let j(h) = h + 2. Let m be j(0). Suppose -2*i - m*i + 16 = 0. What are the prime factors of i?
2
Let k(n) = n**2 - n + 2. Let f be k(3). Suppose f - 26 = -2*u. What are the prime factors of u?
3
Suppose -10*z + 105 = -5*z. What are the prime factors of z?
3, 7
Let b = 35 - 11. Let s be (b/(-16))/((-3)/4). Suppose -s*c + 23 + 1 = 0. What are the prime factors of c?
2, 3
Let k(z) = -2*z. Let f be k(-1). Suppose u - 2*u = -3. Suppose -f*a = u*a - 40. List the prime factors of a.
2
List the prime factors of (11/(-22))/((-1)/56).
2, 7
Suppose 225 = -2*z + 7*z. Let k = -30 + z. What are the prime factors of k?
3, 5
Let w(v) = -5*v**3 + v**2 - 2*v + 1. Suppose 6*m - 2*m - 4 = -2*p, -3 = -3*m + 2*p. Let l be w(m). Let n = -3 - l. What are the prime factors of n?
2
Let i = -1 - -1. Suppose -3*m - 1 + 10 = i. Suppose 0*b - m*b + 12 = 0. What are the prime factors of b?
2
Let c = 10 - 12. What are the prime factors of (22 - 1)*c/(-3)?
2, 7
Let u be ((-92)/6)/(1/(-3)). List the prime factors of (u/(-4))/1*-2.
23
Suppose -4*u = -4*v, -5*v + 26 + 4 = 5*u. What are the prime factors of u?
3
Suppose 4*o + 2*f + 6 = -0*f, 1 = -4*o - f. Suppose 5*i - 3*n = 12, i + n = -3*i + 13. What are the prime factors of o/i - (-205)/15?
2, 7
Let x be 6/((0 - -1) + 1). Let f be (x/(-2))/(2/(-4)). Suppose 18 - f = 3*m. What are the prime factors of m?
5
What are the prime factors of 3/6*-2 + 38?
37
Let y = -7 + 11. Suppose -5*d + 28 = 5*q - y*q, 5*d - 22 = q. List the prime factors of q.
3
Let c be (-497)/14 - (-3)/2. Let n be (c/(-1))/(6/3). Suppose 11 = 4*i - n. List the prime factors of i.
7
Let n = 165 - -143. Let t be n/20 - (-2)/(-5). Suppose s + x - 14 = 0, 4*s + 2*x = 65 - t. What are the prime factors of s?
11
Let g = 5 + 0. Suppose 5*d - 11 = 2*a, -2*d + a = 4*a + 7. Suppose g = w - d. List the prime factors of w.
2, 3
Let y = 153 - 101. Suppose -4*w = -u - y, 4*w + u - 5*u - 40 = 0. What are the prime factors of w?
2, 7
Suppose 11*s - 8*s = 99. List the prime factors of s.
3, 11
Let y(n) = n**2 + n. Let c be y(-2). What are the prime factors of -2 + 21 - 0/c?
19
Suppose -w + 3*w + 38 = 0. Let b = w + 30. What are the prime factors of b?
11
Suppose -6*u = -2*u. Let b(j) = -j**3 + 4*j**2 + 3*j - 5. Let w be b(4). List the prime factors of w/(u + (3 - 2)).
7
Let t be 283/5 - 24/(-60). Let d = t + -41. What are the prime factors of d?
2
Let g = 126 + -72. List the prime factors of g.
2, 3
Suppose -6*r + 2*r + 969 = 3*b, b - 971 = -4*r. What are the prime factors of r?
3
Suppose 5*u - 2*u = 54. Suppose -i - u = -92. Suppose -19 + i = 5*n. List the prime factors of n.
11
Let y(o) = -3*o**2 + 7*o - 6. Let i(x) = x**2 - 4*x + 3. Let r(u) = 5*i(u) + 2*y(u). Let z be r(-7). Let a(d) = -d**2 - 4*d + 5. List the prime factors of a(z).
5
Let j be (-1)/(-5) + 16/(-5). Let r be (6/j - -2)/(-1). What are the prime factors of r/(-1*2) + 5?
5
Let a be (2/(-4))/((-2)/(-40)). List the prime factors of (a/25)/(1/(-25)).
2, 5
Let c = 6 - 6. Let h = 7 - c. What are the prime factors of h?
7
Let f(t) = -2*t**2 + t + 2. Let j(h) = -2*h - 6. Let p be j(-4). Let c be f(p). Let d = 19 + c. What are the prime factors of d?
3, 5
Suppose -208 = -7*v + 3*v. List the prime factors of v.
2, 13
Let u(s) = -s**2 - 10*s - 10. Let k(w) = -w**3 - 7*w**2 + w. Let z be ((-2)/(-4))/((-5)/70). Let r be k(z). List the prime factors of u(r).
11
Suppose -2*a = -a + 14. Suppose 11 = -5*q - 9. Let r = q - a. What are the prime factors of r?
2, 5
Suppose 4*g = 4*i - 448, 3*i - g = -2*i + 576. What are the prime factors of i?
2, 29
Let c(o) be the first derivative of -13*o**2/2 + 2*o - 6. What are the prime factors of c(-1)?
3, 5
Suppose 2*k + 2*l - 88 = 0, 2*l - 59 = -k - 2*l. What are the prime factors of k?
3, 13
Let h(q) = -q**2 - 8*q - 9. Let j be h(-7). Let a = j + 3. Suppose 0 = 3*c - 22 + a. List the prime factors of c.
7
Let y be (-8 + 6)/((-2)/(-37)). Let b be y/6 + 2/12. Let n = -3 - b. What are the prime factors of n?
3
Let j be -4*3/6*1. List the prime factors of 312/30*(-5)/j.
2, 13
Let a = -2 - -7. Suppose -a*p + 4 = -3*p. Suppose 0 = -2*w + p + 4. List the prime factors of w.
3
What are the prime factors of (-1000)/30*6/(-5)?
2, 5
Let g(p) = 2*p. Let x(l) = 4*l - 3. Let j(b) = -2*g(b) + 2*x(b). Suppose -5*c = -13 - 7. What are the prime factors of j(c)?
2, 5
Suppose 2*k - 816 = -4*k. What are the prime factors of k?
2, 17
Let v(y) = y + 12. Let o be v(-12). Suppose o = n - 3 - 18. What are the prime factors of n?
3, 7
Let u = -11 - 5. List the prime factors of -4*((-4)/u - 3).
11
Let h = 9 - 6. Suppose 5*w = -10, 4*o + h*w + 8 = 2*o. What are the prime factors of 8 + 1 + 3 + o?
11
Suppose -x - 9 = -4*x. What are the prime factors of x?
3
Let z(f) = -f**3 + f. Let y be z(2). What are the prime factors of (-14)/y - (-2)/(-6)?
2
List the prime factors of 6/10 - (-834)/10.
2, 3, 7
Let m(n) = -40*n**3 - n**2. What are the prime factors of m(-1)?
3, 13
Suppose 0 = 2*o + 2*o - 160. What are the prime factors of o?
2, 5
Suppose 0 = -s - 2*s + 27. Let w be 3/(s/15) - 2. Suppose 0 = w*h - 3 - 6. List the prime factors of h.
3
Suppose 2*i = 97 + 247. Suppose 5*k - i = -2*b, -4*b - 64 = -4*k + 2*k. Suppose 2*h - k = -4*q, -2*h = -5*q - h + 46. List the prime factors of q.
3
List the prime factors of (-1 + 10/(-15))*-45.
3, 5
Suppose -21*b + 15*b = -450. List the prime factors of b.
3, 5
Suppose 4*k - 12 = 2*k. Suppose 0 = k*u - 2*u - 148. List the prime factors of u.
37
Let w = -58 - -95. What are the prime factors of w?
37
Suppose -2*a + a = -17. Let x be 1/2 - (-63)/(-6). Let l = a + x. What are the prime factors of l?
7
Let w(f) = -f**3 + 6*f**2 + 7. Let j be w(6). Suppose 4*u - 5*u + j = t, -5*t + 3*u = -27. List the prime factors of t.
2, 3
Let x = -1 - -4. Suppose -8*q + 60 = -x*q. What are the prime factors of q?
2, 3
Let k(f) = -6*f. Let d be k(-5). Let h = 7 - -4. Suppose -d = -h*a + 6*a. What are the prime factors of a?
2, 3
Let n = 52 + -23. Suppose v + 0 - n = 0. What are the prime factors of v?
29
Let a(c) = 15*c**2 + 7*c - 4. Let i be a(-4). Suppose -5*g + 4*h + i = 0, 3*g + 0*g - 116 = -2*h. List the prime factors of g.
2, 5
Suppose -t + 5 - 13 = 0. Let h(s) = s**2 + 5*s + 1. What are the prime factors of h(t)?
5
Suppose -8*w = -3*w - 5. Let u = w - -4. Suppose 48 = u*m - 12. What are the prime factors of m?
2, 3
Suppose 2*u + 64 - 18 = 0. Let v = 61 + u. What are the prime factors of v?
2, 19
Let l be (-4)/(-10) + 37/(-5). Let t = 3 + l. What are the prime factors of (-97)/(-9) + t/(-18)?
11
Let q = 123 + -86. List the prime factors of q.
37
Suppose -5*t + 164 = 34. Let d(z) = z**3 + 12*z**2 - 8*z - 10. Let q be d(-12). Suppose -5*i = t - q. List the prime factors of i.
2, 3
Let l = 25 + -11. What are the prime factors of l?
2, 7
Let r be 4/(-6) + 38/3. Suppose k - 2*u - r = 0, -k + 2*u - 3*u = 0. Suppose -i - 9 = -2*b, -15 = -5*b + k*i + 12. What are the prime factors of b?
3
Suppose 28 = 5*u - 4*t - 76, 3*u - 92 = -5*t. What are the prime factors of u?
2, 3
Let o(p) = 3*p**3 + 2*p**2 + 2*p + 1. Let a be o(-1). Let z = a + 4. Suppose -z*d = -d - 9. What are the prime factors of d?
3
Let o be 2/(2/(-5)) + 1. What are the prime factors of ((-14)/o)/((-6)/(-24))?
2, 7
Suppose -2*v - 10 = -5*d + 4*d, -66 = -5*d + 2*v. Suppose -5*n + d = -m + 3*m, m + n - 7 = 0. Let c = m + -4. What are the prime factors of c?
3
Suppose -84 = 7*r - 8*r. What are the prime factors of r?
2, 3, 7
Let n(w) be the first derivative of 2*w**3/3 + w**2 + w + 1. List the prime factors of n(-3).
13
Suppose 0 = 5*q - 35 + 5. Suppose -l - q = -19. What are the prime factors of l?
13
Let z be (1 + 0)/((-5)/(-15)). Suppose 0 = -k - o + 11, 4*k - z*o + 8*o - 43 = 0. What are the prime factors of k?
2, 3
Let b = -6 + 7. Let d be -2 - (3 + (b - 3)). Let p = d - -8. List the prime factors of p.
5
Let m(y) = y**3 + 4*y**2 + 4*y + 2. Let o be m(-3). Let a(l) = -12*l - 1. What are the prime factors of a(o)?
11
Suppose 2*u = -3*c - 2*c + 382, 2*u = 3*c - 226. List the prime factors of c.
2, 19
Let c be (-2)/(4*-2)*28